 g = 34 - 15. Calculate the remainder when g is divided by x.
9
Let p be 11/2 + 2/4. Let h(r) = -r**2 + 8*r. Let z be h(p). Calculate the remainder when 17 is divided by z + -2 + 0 + -1.
8
Let l = -84 - -146. Suppose -q - q = -l. Calculate the remainder when q is divided by 11.
9
Suppose 31*j + 58 = 33*j. What is the remainder when 113 is divided by j?
26
Let g = 5 + 2. What is the remainder when 10 is divided by g?
3
Let u(j) = -j**2 + 15*j + 8. Suppose 0*g = g - 4*f, -3*g - 40 = -4*f. Calculate the remainder when u(14) is divided by g/6*(-18)/5.
10
Let j(h) = -11*h + 1. Suppose 92 = -3*k + 5*k. Calculate the remainder when k is divided by j(-1).
10
Let y = -115 + 55. Suppose 0 = 2*q + 2*q - 52. Calculate the remainder when q is divided by ((-8)/12)/(8/y).
3
Let z = 49 - -6. What is the remainder when z is divided by 14?
13
Suppose -5*q + q + 28 = 0. Suppose q*w = w + 54. Suppose 2*o = 42 + 26. Calculate the remainder when o is divided by w.
7
Calculate the remainder when 93 - (0 + -3) - (-6)/2 is divided by 17.
14
Let j(c) = -5*c - 2. Let v be j(-4). Suppose 0 = -2*x - 3*p + p + v, 29 = x + 5*p. Calculate the remainder when 5 is divided by x.
1
Calculate the remainder when 160/24 + (-1)/(-3) is divided by 4.
3
Let x = 0 - 1. Let q = x + -3. What is the remainder when 16 is divided by 390/42 + q/14?
7
Let j = 61 + -28. Suppose 0 = -4*g, -8*l - 4*g - 18 = -10*l. What is the remainder when j is divided by l?
6
Let v = -2 + 5. Let o(i) = -3 + i**2 + 2*i**3 + 2 + 6*i**v. Calculate the remainder when o(1) is divided by 3.
2
Let b = 24 + 11. Let t = 23 - 5. Calculate the remainder when b is divided by t.
17
Let s(o) = o**3 + 11*o**2 + 8*o - 1. What is the remainder when s(-10) is divided by 4*(-2 - (-15)/4)?
5
Let z = 85 + -43. Let i(k) = -k**3 + 2*k**2 - 1. What is the remainder when z is divided by i(-2)?
12
Let v = 24 - -1. Calculate the remainder when v is divided by 7.
4
Suppose 3*u - 16 + 7 = 0. Let w(m) = -m**3 - 5*m**2 - m - 4. What is the remainder when u is divided by w(-5)?
0
Suppose 0 = -5*w + 3*b + 25, -5*w + 25 = -b + 4*b. What is the remainder when 12 is divided by w?
2
Suppose s - 9 = -2*s. Suppose -6*l + s*l + 84 = 0. What is the remainder when l is divided by 2/(-3) - (-47)/3?
13
Suppose 2*n + 3*n = 3*l - 35, -4*n + 4*l = 20. Let j = n + 10. Suppose u - 5*g - 49 = 0, j = -4*g + 2 - 10. What is the remainder when u is divided by 20?
19
Suppose 704 = -60*o + 71*o. Calculate the remainder when 445 is divided by o.
61
Let i(q) = -q**3 + 7*q**2 - 2*q - 3. Calculate the remainder when i(6) is divided by 13.
8
Let m be (2/(-8)*0)/1. Let n = m + 19. Calculate the remainder when (6/(-4))/(6/(-224)) is divided by n.
18
Let b(p) = p**3 - 3*p**2 - 4*p + 4. Let x be b(4). Suppose 0 = -4*k + 4 + x. What is the remainder when 32 is divided by 10 - 1*(1 - k)?
10
What is the remainder when 20 is divided by 2 - 21/9 - 40/(-12)?
2
Suppose 0 = -3*w - 2*w + r + 85, 0 = w - 2*r - 8. Calculate the remainder when 33 is divided by w.
15
Let g = -21 - -7. Let q = 19 + g. Calculate the remainder when 18 is divided by q.
3
Let b = 8 - 4. Let a = b - 0. What is the remainder when a is divided by 2?
0
Let s = 160 + -157. Let d(p) = 19*p - 6. Let v be d(5). Suppose 2*k = s + v. Calculate the remainder when k is divided by 12.
10
Let f = 463 - 301. Suppose 4*d = 5*y + f - 411, -4*d + 281 = 5*y. Calculate the remainder when y is divided by 18.
17
Suppose y = 19 + 75. Calculate the remainder when y is divided by 24.
22
Let s = -8 + 12. Suppose s*o - 64 - 25 = -3*q, q - 35 = 4*o. What is the remainder when q is divided by 2/(-8) - (-66)/8?
7
Let v(y) = y**2 - 9*y + 8. Let b be 56/10 - (-8)/20. Let d be v(b). What is the remainder when (-4)/(6/3)*d is divided by 11?
9
Suppose -67 = -4*p + 73. Let t(g) = 1 + 1 - 5*g + 0*g. What is the remainder when p is divided by t(-2)?
11
Let c(b) = b**3 + 14*b**2 - 5. Calculate the remainder when c(-13) is divided by 34.
28
Let k be -50*(-1 - 0)/2. Let z be (4/(-2))/(-7 - -6). Suppose 5*x + 2*j - k = 0, 5*x - 30 = -3*j + z*j. What is the remainder when 20 is divided by x?
6
Let j = 37 + -16. Calculate the remainder when j is divided by 4.
1
Suppose -4*y = -1 - 7, -3*y = -4*c + 78. What is the remainder when 61 + -1 + (0 - -1) is divided by c?
19
Let h = -2 - 69. Let s = -45 - h. Calculate the remainder when s is divided by 7.
5
Suppose 5 = -h + 10. Suppose 2*a - u - 55 - 10 = 0, 0 = -h*a - 2*u + 176. What is the remainder when a is divided by 12?
10
Suppose -6 + 664 = 7*s. Calculate the remainder when s is divided by 24.
22
Suppose 0 = 4*u - 2*u + 10. What is the remainder when 319/(-55)*u/1 is divided by 16?
13
What is the remainder when 26 is divided by 1 - 1*(-3 + -11)?
11
Let c = -9 + 36. What is the remainder when c is divided by 7?
6
Let b be ((-1)/2)/(2/108). Let r be (6/(-4))/(2/16). Calculate the remainder when (b/r)/((-1)/(-4)) is divided by 6.
3
Calculate the remainder when 116/14 + (-2)/7 is divided by 5.
3
Let q = 7 + 37. What is the remainder when q is divided by 15?
14
Let a(t) = 2*t**2 - 9*t. Let f be -2*(-2 + -1) - -1. What is the remainder when a(f) is divided by 18?
17
Let y(n) = n**3 - 7*n**2 + 7*n - 21. What is the remainder when 111 is divided by y(7)?
27
Suppose 4*h - 2*x + 3 = x, 3*h + 3 = 3*x. Suppose h = 5*a - a. Suppose a = -2*k + 71 - 21. Calculate the remainder when k is divided by 9.
7
Suppose 5*q + 15 = 0, q = -0*d - 2*d + 137. Suppose 3*i = k + 16 + 33, -5*i + d = -4*k. Let b = 43 - 33. What is the remainder when i is divided by b?
8
Calculate the remainder when 11 is divided by 2/(-6) - 144/(-27).
1
Let z(m) = 10*m**3 - 2*m**2 + m. Suppose 10*w - 14*w + 64 = 0. Calculate the remainder when w is divided by z(1).
7
Let x be (0 + 0)/(1*(-3)/3). Let w be ((-4)/(-10))/((-2)/(-170)). Suppose 0*u - 2*u + w = x. Calculate the remainder when 49 is divided by u.
15
What is the remainder when 21 is divided by 4/20 + (-162)/(-15)?
10
Let v = 18 + -15. Calculate the remainder when 15 is divided by v.
0
What is the remainder when (-1460)/(-35) + (-2)/(-7) is divided by 15?
12
Let y(p) = 110*p**2 + 2*p + 2. Calculate the remainder when y(-1) is divided by 38.
34
Let b(v) = -v**3 - 8*v**2 - 8*v - 5. Let p = 11 + -18. Let k be b(p). Suppose z = -z - 2, 4*h + k*z = 14. Calculate the remainder when 10 is divided by h.
2
Let l = 95 + -45. What is the remainder when 248 is divided by l?
48
Suppose -4*k - 31 = -3*k. Suppose -4*v = 2*d + 150, -2*d + 29 - 143 = -5*v. Let f = k - d. Calculate the remainder when f is divided by 19.
17
Let n be -1 - 0 - -23*1. Let w = 36 - n. Let k = 111 + -70. What is the remainder when k is divided by w?
13
Let d = -5 - -8. Suppose -2*n - 36 = -3*n + 5*l, 0 = -4*n + l + 68. Suppose 3*x = x + n. Calculate the remainder when x is divided by d.
2
Let h be (-12)/20 + 66/10. Let g = h + -4. Suppose g*u - 4*j + 2*j = 24, 3*u - 5*j - 30 = 0. What is the remainder when 29 is divided by u?
14
Suppose w + 2*y - 146 = 0, -3*y + 590 = 4*w - y. Let m = w - 84. Suppose 5*v = 5*c - 100, 3*v = -c - 0*c + 28. Calculate the remainder when m is divided by c.
20
Suppose 2*y - 5*l = 4*y + 17, 3*y + 30 = -3*l. Let x = 19 + y. Let o(c) = c**2 - 5*c + 5. Calculate the remainder when x is divided by o(5).
3
Calculate the remainder when ((-15)/(-30))/((-2)/(-148)) is divided by 13.
11
Let d = -30 + 32. Suppose 0 = -5*r - d*j + 281, -3*r - 5*j = -2*j - 174. Let c = 50 + -31. Calculate the remainder when r is divided by c.
17
Let o be 114/10 + (-6)/(-10). Let j = o - 6. What is the remainder when 16 is divided by j?
4
Let n(y) = y**2 - 2*y + 5. Let g = 23 - 15. What is the remainder when n(4) is divided by g?
5
Let p(i) = -65*i**3 - i**2 + 1. Let h be p(-1). Let l(y) = 3*y**2 + 5*y - 1. What is the remainder when l(-5) is divided by h/20*2*2?
10
Let i = 50 + -36. Let l be 1 + 1 - (-13 + 0). Suppose 0 = -3*z + 9 + l. What is the remainder when i is divided by z?
6
Let s = -42 - -86. Let d = -208 + 223. What is the remainder when s is divided by d?
14
Let f be 1*(1 - 2)*-1. Suppose d - 2 = -f. What is the remainder when 1 is divided by d?
0
Let y(s) = -s + 4*s - 5 + s**2 - 2*s. Calculate the remainder when 25 is divided by y(-4).
4
What is the remainder when 3*10*20/8 is divided by 13?
10
Suppose 180 = -2*m + 11*